{"id":294,"date":"2015-08-17T14:34:49","date_gmt":"2015-08-17T13:34:49","guid":{"rendered":"http:\/\/reisblog.helptux.be\/?page_id=294"},"modified":"2025-07-02T21:07:14","modified_gmt":"2025-07-02T20:07:14","slug":"de-verhalen","status":"publish","type":"page","link":"https:\/\/www.twaalfriddertjes.be\/?page_id=294","title":{"rendered":"De verhalen"},"content":{"rendered":"<p>2012. <a title=\"De jacht op het Witte Hert\" href=\"http:\/\/www.twaalfriddertjes.be\/?page_id=26\">De jacht op het witte hert.<\/a> In Londen werd het eerste verhaal van de riddertjes geboren. Toevallig als aanvulling bij de foto&#8217;s. De reis zou ons nog naar Boedapest en Wenen brengen. De queeste baseerden we op een oud volksverhaal over het witte hert.<\/p>\n<p>2013. <a title=\"De zoektocht naar Atlantis\" href=\"http:\/\/www.twaalfriddertjes.be\/?page_id=28\">De zoektocht naar Atlantis.<\/a> Eilandhoppen tussen de Griekse cycladen met oa. Naxos, Paros, Mykonos, Delos en Santorini. De riddertjes werden ondergedompeld in de Griekse mythologie met een queeste naar het legendarische verloren continent: Atlantis.<\/p>\n<p>2014. <a title=\"De strijd om Twee Zwaarden\" href=\"http:\/\/www.twaalfriddertjes.be\/?page_id=111\">De strijd om twee zwaarden.<\/a>\u00a0Een tocht doorheen Itali\u00eb, Kroati\u00eb en via Sloveni\u00eb en Oostenrijk naar Duitsland bracht de riddertjes terug naar het 11de en 12de eeuwse Europa. De investituurstrijd verscheurde het continent tussen paus en keizer en betekende meteen een nieuwe queeste voor de riddertroep.<\/p>\n<p>2015. <a title=\"De strijd om Twee Zwaarden\" href=\"http:\/\/www.twaalfriddertjes.be\/?page_id=297\">Een pauselijke missie.<\/a> De paus stuurde een gezant naar de riddertjes om hulp te vragen voor een geheimzinnige missie. Een ontmoeting in Genua verduidelijkte dat een tegenpaus zich had ge\u00efnstalleerd in Avignon. Daarop trokken de riddertjes richting de Provence om dit Westers Schisma te doorbreken.<\/p>\n<p>2016. <a href=\"https:\/\/www.twaalfriddertjes.be\/?cat=23\">In het spoor van de Argonauten<\/a>. Het mysterieuze gulden vlies. Velen hebben er al naar gezocht, maar slechts \u00e9\u00e9n, Iason, zou het ooit gevonden hebben. Onze riddertjes zoeken Iason langsheen de volledige Ege\u00efsche kust!<\/p>\n<p>2018. <a href=\"https:\/\/www.twaalfriddertjes.be\/?cat=28\">In het spoor van de Plantagen\u00eats<\/a>. Gotische pracht en praal, nobele ridders, edele jonkvrouwen; de Loirevallei is onze ridders op het lijf geschreven.<\/p>\n<p>2018. <a href=\"https:\/\/www.twaalfriddertjes.be\/?cat=41\">Een Winterse omzwerving<\/a>. Wanneer iedereen zich voor het haardvuur nestelt, trekken onze ridders op expeditie naar de landen van de Boheemse kroon; de keizer heeft hen nodig!<\/p>\n\n\n<p>2020. <a href=\"https:\/\/www.twaalfriddertjes.be\/?cat=49\">Op Bedevaart<\/a>.<\/p>\n\n\n\n<p>2021. <a href=\"https:\/\/www.twaalfriddertjes.be\/?p=808\">Bij de kruisvaarders<\/a>.<\/p>\n\n\n\n<p>2022. <a href=\"https:\/\/www.twaalfriddertjes.be\/?cat=51\">Op zoek naar de leeuw<\/a>.<\/p>\n\n\n\n<p>2023. <a href=\"https:\/\/www.twaalfriddertjes.be\/?cat=52\">Vreeswekkende Vikingen<\/a>.<\/p>\n\n\n\n<p>2024. <a href=\"https:\/\/www.twaalfriddertjes.be\/?cat=56\">De missie van Minos<\/a>.<\/p>\n\n\n\n<p>2025. <a href=\"https:\/\/www.twaalfriddertjes.be\/?cat=57\">Kruistocht tegen de Katharen.<\/a><\/p>\n","protected":false},"excerpt":{"rendered":"<p>2012. De jacht op het witte hert. In Londen werd het eerste verhaal van de riddertjes geboren. Toevallig als aanvulling<\/p>\n","protected":false},"author":1,"featured_media":0,"parent":0,"menu_order":0,"comment_status":"closed","ping_status":"closed","template":"","meta":{"colormag_page_container_layout":"default_layout","colormag_page_sidebar_layout":"default_layout","footnotes":""},"class_list":["post-294","page","type-page","status-publish","hentry"],"_links":{"self":[{"href":"https:\/\/www.twaalfriddertjes.be\/index.php?rest_route=\/wp\/v2\/pages\/294","targetHints":{"allow":["GET"]}}],"collection":[{"href":"https:\/\/www.twaalfriddertjes.be\/index.php?rest_route=\/wp\/v2\/pages"}],"about":[{"href":"https:\/\/www.twaalfriddertjes.be\/index.php?rest_route=\/wp\/v2\/types\/page"}],"author":[{"embeddable":true,"href":"https:\/\/www.twaalfriddertjes.be\/index.php?rest_route=\/wp\/v2\/users\/1"}],"replies":[{"embeddable":true,"href":"https:\/\/www.twaalfriddertjes.be\/index.php?rest_route=%2Fwp%2Fv2%2Fcomments&post=294"}],"version-history":[{"count":10,"href":"https:\/\/www.twaalfriddertjes.be\/index.php?rest_route=\/wp\/v2\/pages\/294\/revisions"}],"predecessor-version":[{"id":1062,"href":"https:\/\/www.twaalfriddertjes.be\/index.php?rest_route=\/wp\/v2\/pages\/294\/revisions\/1062"}],"wp:attachment":[{"href":"https:\/\/www.twaalfriddertjes.be\/index.php?rest_route=%2Fwp%2Fv2%2Fmedia&parent=294"}],"curies":[{"name":"wp","href":"https:\/\/api.w.org\/{rel}","templated":true}]}}

<p>2012. <a title="De jacht op het Witte Hert" href="http://www.twaalfriddertjes.be/?page_id=26">De jacht op het witte hert.</a> In Londen werd het eerste verhaal van de riddertjes geboren. Toevallig als aanvulling bij de foto&#8217;s. De reis zou ons nog naar Boedapest en Wenen brengen. De queeste baseerden we op een oud volksverhaal over het witte hert.</p>
<p>2013. <a title="De zoektocht naar Atlantis" href="http://www.twaalfriddertjes.be/?page_id=28">De zoektocht naar Atlantis.</a> Eilandhoppen tussen de Griekse cycladen met oa. Naxos, Paros, Mykonos, Delos en Santorini. De riddertjes werden ondergedompeld in de Griekse mythologie met een queeste naar het legendarische verloren continent: Atlantis.</p>
<p>2014. <a title="De strijd om Twee Zwaarden" href="http://www.twaalfriddertjes.be/?page_id=111">De strijd om twee zwaarden.</a> Een tocht doorheen Italië, Kroatië en via Slovenië en Oostenrijk naar Duitsland bracht de riddertjes terug naar het 11de en 12de eeuwse Europa. De investituurstrijd verscheurde het continent tussen paus en keizer en betekende meteen een nieuwe queeste voor de riddertroep.</p>
<p>2015. <a title="De strijd om Twee Zwaarden" href="http://www.twaalfriddertjes.be/?page_id=297">Een pauselijke missie.</a> De paus stuurde een gezant naar de riddertjes om hulp te vragen voor een geheimzinnige missie. Een ontmoeting in Genua verduidelijkte dat een tegenpaus zich had geïnstalleerd in Avignon. Daarop trokken de riddertjes richting de Provence om dit Westers Schisma te doorbreken.</p>
<p>2016. <a href="https://www.twaalfriddertjes.be/?cat=23">In het spoor van de Argonauten</a>. Het mysterieuze gulden vlies. Velen hebben er al naar gezocht, maar slechts één, Iason, zou het ooit gevonden hebben. Onze riddertjes zoeken Iason langsheen de volledige Egeïsche kust!</p>
<p>2018. <a href="https://www.twaalfriddertjes.be/?cat=28">In het spoor van de Plantagenêts</a>. Gotische pracht en praal, nobele ridders, edele jonkvrouwen; de Loirevallei is onze ridders op het lijf geschreven.</p>
<p>2018. <a href="https://www.twaalfriddertjes.be/?cat=41">Een Winterse omzwerving</a>. Wanneer iedereen zich voor het haardvuur nestelt, trekken onze ridders op expeditie naar de landen van de Boheemse kroon; de keizer heeft hen nodig!</p>


<p>2020. <a href="https://www.twaalfriddertjes.be/?cat=49">Op Bedevaart</a>.</p>



<p>2021. <a href="https://www.twaalfriddertjes.be/?p=808">Bij de kruisvaarders</a>.</p>



<p>2022. <a href="https://www.twaalfriddertjes.be/?cat=51">Op zoek naar de leeuw</a>.</p>



<p>2023. <a href="https://www.twaalfriddertjes.be/?cat=52">Vreeswekkende Vikingen</a>.</p>



<p>2024. <a href="https://www.twaalfriddertjes.be/?cat=56">De missie van Minos</a>.</p>



<p>2025. <a href="https://www.twaalfriddertjes.be/?cat=57">Kruistocht tegen de Katharen.</a></p>
